 - 708. Let v = -51 + a. Let r = 229 + v. What is the units digit of r?
9
Suppose 678*x - 4891488 = 475*x. What is the hundreds digit of x?
0
Let g be (-14)/(-21) - (1 + 20/(-6)). Suppose 0 = 4*i - g*v - 2678, -6*i + i + 3330 = 5*v. What is the tens digit of i?
6
Let y be 2/(-4) + 56/(-16)*1. What is the units digit of (-443)/(15 + -14 + y/2)?
3
Let t be (-76)/(-16) + ((-6)/(-2))/12. Suppose t*h + 5*s = 705, 2*h - 285 = -2*s - s. Suppose -56*i = -54*i - h. What is the units digit of i?
9
Suppose -46*j - 277622 = -1118686. What is the hundreds digit of j?
2
Suppose -h - 3*p = -2*p - 7, 5*h + 2*p - 23 = 0. Suppose 6*x - 64 = -10*x. Suppose -4*z + x*l + 190 = -2*z, 288 = h*z - 5*l. What is the hundreds digit of z?
1
Suppose -8 + 4 = -2*l. Suppose -2*i = l*i + i. Suppose i = -3*o + 433 + 29. What is the hundreds digit of o?
1
Let u be (-132)/(-1)*((-30)/(-9))/10. Let x be 2/7 + (-162)/(-21). Suppose u = -4*z + x*z. What is the tens digit of z?
1
Suppose u + 2*m = -3, 3*u + 3*m = m - 1. Let h(z) = 649*z - 16. What is the hundreds digit of h(u)?
6
Let c(p) = -11*p + 1. Let w be c(1). Let i(d) = -24*d - 6. Let s be i(w). Let g = s - 136. What is the tens digit of g?
9
Let x = 75440 + -51271. What is the hundreds digit of x?
1
What is the tens digit of (-23)/((-6584)/(-439) - 15)?
9
Suppose 4*n + 10 = 22. Suppose -n*j + 27 = 12. Suppose -4*h + g + 103 = -246, 4*h - 367 = -j*g. What is the tens digit of h?
8
Let q be 7/(0 + 5/(-535)). Let y = 1064 + q. What is the tens digit of y?
1
Let d = -123 - -131. Suppose -d*r + 985 + 1943 = 0. What is the tens digit of r?
6
Let m(y) = 135*y**2 + 371*y - 6398. What is the units digit of m(17)?
4
Let q(k) = 98*k**3 + 6*k**2 - 5*k + 52. What is the units digit of q(4)?
0
Let i(t) be the third derivative of -2*t**4/3 - 65*t**3/6 + 5*t**2. What is the tens digit of i(-5)?
1
Let q(x) be the second derivative of 29*x**3/6 + 18*x**2 + 19*x. What is the tens digit of q(5)?
8
Suppose 2 - 7 = -a, 4*k = -2*a + 4130. Suppose -k = -m + 38. What is the tens digit of m?
6
Let q(v) = 4*v + 3. Let f be q(-1). Let a(m) = -m - 1. Let j(w) = -3*w**2 + 12*w + 17. Let o(x) = f*j(x) - 6*a(x). What is the units digit of o(6)?
1
Let u(o) = -o**3 + 6*o**2 + 7*o - 10. Let g be u(7). Let i(p) = -5*p**2 - 12 - 19*p**3 - 3*p**2 + 37 + 16*p + 18*p**3. What is the tens digit of i(g)?
6
Let g be (1720/12 - -2)*(9 + -12). Let z = g - -862. What is the tens digit of z?
2
Let t(v) be the second derivative of 61*v**3/3 - 17*v**2/2 + 44*v + 1. What is the tens digit of t(6)?
1
Let x = -600 + 1070. Let y = x + -113. What is the tens digit of y?
5
Suppose -3*a - 76 - 131 = -3*n, 0 = -4*a + 2*n - 276. Let z = 73 + a. Suppose 2*u = 4*h - 354, -z*h + 495 - 126 = -5*u. What is the units digit of h?
6
Let c(n) = -433*n + 987. What is the thousands digit of c(-30)?
3
Let w(x) = 75*x**3 - 30*x**2 + 20*x - 38. What is the tens digit of w(6)?
0
Suppose 16*n - 105815 - 644297 = 0. What is the hundreds digit of n?
8
Suppose -19 = 4*u - 103. Let n(t) = t**3 - 22*t**2 + 32*t - 27. Let g be n(u). Suppose 3*k + k - g = 0. What is the units digit of k?
1
Let q = -79 + -162. Let a = q - -478. What is the hundreds digit of a?
2
Suppose -193*x = -197*x + 980. Suppose x + 187 = 6*y. What is the units digit of y?
2
Let n(a) = 9*a + 5. Let u be n(-5). Let s = u + 69. Suppose -25*f - 712 = -s*f. What is the units digit of f?
8
Let y(i) = -2*i**3 - 6*i**2 + 4*i + 7. Let t be y(-5). Let b = t - 89. What is the tens digit of ((-4)/18 - b/(-18))*-291?
9
Let l be -15*(-8)/(-12)*1/(-2). Suppose 0 = 7*n - 5*n - 5*r - 1158, l*n = 3*r + 2857. What is the tens digit of n?
6
Suppose 3*i + 6 = 27. Suppose 440 = i*h - 3*h. Suppose -h = 8*c - 10*c. What is the units digit of c?
5
Let p(n) = 22*n - 54. Let y be p(-13). Let x = 709 + y. What is the hundreds digit of x?
3
Suppose 3 = -3*d, -5*v - 232*d = -233*d - 15036. What is the units digit of v?
7
Let q = -17 - -157. What is the hundreds digit of q/(-420) - ((-2450)/3)/2?
4
Let r = 28129 + -12089. What is the tens digit of r?
4
Let j be ((-35)/(-10) - 3)/(2/4). Let f(x) = 42*x**3 - x**2 - 4*x + 4. What is the units digit of f(j)?
1
Let h be (3 + -2)*-1 - -1. Suppose 31*y = 39*y - 24. What is the tens digit of 80 - y - (h + -1)?
7
Suppose -1552 + 9668 = 2*v. What is the units digit of v?
8
Let n = -30 + 40. Suppose -n*j + 4390 = -3450. What is the tens digit of j/21*(6 + -3)?
1
Suppose 57*p = 214*p + 614650 - 1869237. What is the thousands digit of p?
7
Let q(f) = f**2 + 10*f + 133. Suppose 0 = -12*l + 20*l + 128. What is the tens digit of q(l)?
2
Let x be (-8)/68 - (-86606)/(-221). What is the tens digit of (-1)/((-2348)/x + -6)?
9
Suppose -4*k - 790 = -4*z + 5606, -1604 = -z + 2*k. Suppose 0 = -628*w + 626*w + z. What is the tens digit of w?
9
Let l = 119 - 101. Suppose 5*f = 2*v + l, 5*f - 16 = 4*v - 0. What is the hundreds digit of v/((-1)/(-235)) - (0 + -3)?
2
Let d(z) = -6*z**3 - 84*z - 1335. What is the hundreds digit of d(-13)?
9
What is the units digit of 2068220/275*(3 + (-4)/8)?
2
Let p(j) be the third derivative of 139*j**4/24 - 47*j**3 + 130*j**2. What is the tens digit of p(9)?
6
Let q = -435 + 435. Let k be (-9)/(((-5)/(-7))/(-5)). Suppose q = 5*t + s - k - 55, -5*s = -2*t + 58. What is the units digit of t?
4
Let r = -29063 - -46131. What is the ten thousands digit of r?
1
Let o(w) = -1917*w - 12. Let t(j) = 480*j + 3. Let r(a) = -6*o(a) - 22*t(a). What is the tens digit of r(1)?
4
Let v(i) = -i**3 + 1. Let r(w) = -3*w**3 + 11*w**2 + 17. Let n(a) = r(a) - 4*v(a). Let k(g) = 22*g + 319. Let o be k(-15). What is the units digit of n(o)?
3
Let y = 222 + -259. What is the units digit of (4/(-3))/4*0 - y?
7
Suppose -465*s + 466*s = -5*t + 17949, 35823 = 2*s - 5*t. What is the thousands digit of s?
7
Let g = 1359 + -2694. Let x = -783 - g. What is the hundreds digit of x?
5
Let u(z) = z**2 - 24*z - 109. Let r be u(28). Suppose r*p - 16 = 74. What is the units digit of p?
0
Let v be (3 - 11)*35/(-14). Suppose v = 2*m - n, 2*n = -3*m + 2*m. Let k = 109 - m. What is the hundreds digit of k?
1
Let z(o) = o**3 + 10*o**2 + 8*o + 17. Let n be z(-9). Suppose -31*m + 10 = -n*m. Suppose -4*s = -26 - m. What is the units digit of s?
7
Let d be (14/(-4) - -3)*(-6)/3. Let m(r) = 31*r + 4. Let j be m(d). Let w = -15 + j. What is the tens digit of w?
2
Suppose -5*p + p + p = 0. Let x(w) be the second derivative of w**3/6 + 5*w**2/2 - 14*w. What is the units digit of x(p)?
5
Let v be (-68)/14 - (-21)/(-147) - -269. Suppose -2892 = -6*w - v. What is the units digit of w?
8
Let b = 1307 + -907. Let h be 4/(-5) - (-84)/105. Suppose h*p + 5*p = b. What is the tens digit of p?
8
Let h = -1031 - -5023. What is the tens digit of h?
9
Suppose f = -2*n + 13, -3*n - 3 = -4*n. Suppose -2*q - 1 + f = 0. Suppose 0 = -q*c + 83 + 64. What is the units digit of c?
9
Let h be 40/16 - (-5)/(-10). Suppose 0 = -h*s - i + 2287, 2*i = 5*s - s - 4586. What is the units digit of s?
5
Let z be (-16)/(-6)*(-3 - -6). Suppose 0*j = -2*j - 2*b + z, 5*b - 22 = -3*j. What is the tens digit of (3/9)/(j/9) + 56?
5
Let t = 5644 - 5064. What is the hundreds digit of t?
5
Suppose -436687 = -31*c + 311591. What is the ten thousands digit of c?
2
Let o be (-26)/(-8) - (2 - (-21)/(-12)). Suppose -i = -4*h - 98, -o*i - 2*h = -288 - 20. What is the units digit of i?
2
Suppose 281 + 26069 = -28*a + 350814. What is the hundreds digit of a?
5
Let c(o) = o**3 - 4*o**2 - 5*o + 6. Let y be c(5). What is the hundreds digit of 9/y*760/(-45)*-9?
2
Let t(r) = -2164*r + 236. What is the hundreds digit of t(-4)?
8
Let q(o) = -o**3 + 10*o**2 - 6*o - 8. Let c be q(7). Let r = 202 - c. Suppose 4*h - 801 = -r. What is the hundreds digit of h?
1
Let g(n) = -2*n**3 - 14*n**2 + 2*n - 6. Let y be g(-10). Suppose -10*c = -y - 356. What is the units digit of c?
3
Let y(a) = -2*a**2 + 25*a + 17. Let r be y(9). Suppose -b - 4*b = r. What is the hundreds digit of (-1 - -50)/((b/12)/(-4))?
1
Let z be 5/2*(0 + 2). Suppose c + 5*h = -13, -3*c - h + z - 2 = 0. Suppose 12*d = 13*d - c. What is the units digit of d?
2
Let v = -184 - -226. Suppose -16*r + 13*r = -v. What is the units digit of r?
4
What is the units digit of -5*((-408)/(-374) + (-254572)/110)?
6
Suppose -5 = -o + 2*k, o - 4*k = -4*o + 25. What i